 base 4.
-11
Convert -a2 (base 11) to base 7.
-220
What is -15 (base 9) in base 16?
-e
Convert 8b (base 12) to base 10.
107
2 (base 11) to base 8
2
What is -312 (base 10) in base 16?
-138
What is -11 (base 14) in base 10?
-15
-10 (base 13) to base 10
-13
-41 (base 5) to base 6
-33
-f (base 16) to base 8
-17
Convert 12 (base 9) to base 2.
1011
-120 (base 7) to base 2
-111111
-20 (base 15) to base 11
-28
Convert 2 (base 10) to base 11.
2
2122 (base 3) to base 11
65
Convert -23 (base 9) to base 16.
-15
-210 (base 3) to base 10
-21
2022 (base 3) to base 16
3e
11 (base 6) to base 14
7
-3 (base 14) to base 5
-3
Convert -223 (base 4) to base 6.
-111
-121 (base 8) to base 13
-63
Convert 59 (base 10) to base 16.
3b
Convert 5 (base 15) to base 11.
5
1 (base 14) to base 16
1
-100110 (base 2) to base 8
-46
What is -20 (base 11) in base 9?
-24
18 (base 13) to base 10
21
-73 (base 12) to base 14
-63
Convert 41 (base 10) to base 14.
2d
0 (base 2) to base 10
0
What is 1424 (base 5) in base 10?
239
-7 (base 16) to base 15
-7
Convert -2 (base 12) to base 3.
-2
Convert -9b (base 16) to base 4.
-2123
Convert 1023 (base 4) to base 11.
69
Convert 1020 (base 5) to base 6.
343
Convert 3 (base 4) to base 15.
3
a4 (base 13) to base 16
86
What is -11 (base 12) in base 13?
-10
10 (base 12) to base 15
c
2 (base 5) to base 14
2
What is -162 (base 7) in base 5?
-333
What is -4 (base 13) in base 8?
-4
-16 (base 13) to base 16
-13
55 (base 12) to base 8
101
a1 (base 14) to base 4
2031
What is -11 (base 3) in base 8?
-4
What is 2 (base 11) in base 4?
2
48 (base 11) to base 2
110100
What is 351 (base 6) in base 10?
139
0 (base 12) to base 16
0
What is 7b (base 14) in base 10?
109
1 (base 7) to base 2
1
a5 (base 12) to base 13
98
Convert a (base 14) to base 12.
a
Convert 24 (base 7) to base 14.
14
Convert 1000 (base 2) to base 5.
13
Convert -10 (base 5) to base 3.
-12
What is 362 (base 7) in base 4?
2333
Convert 1 (base 12) to base 16.
1
Convert 11022 (base 4) to base 3.
110020
-c (base 14) to base 10
-12
Convert -185 (base 12) to base 9.
-302
3 (base 13) to base 8
3
Convert 10 (base 13) to base 8.
15
Convert -1 (base 15) to base 6.
-1
What is -1112 (base 3) in base 11?
-38
-1 (base 16) to base 10
-1
What is 201 (base 3) in base 8?
23
Convert 1101 (base 4) to base 8.
121
-10211 (base 3) to base 5
-403
Convert 3 (base 9) to base 10.
3
Convert -10000 (base 2) to base 3.
-121
What is -2001 (base 3) in base 15?
-3a
-4 (base 9) to base 15
-4
What is 5 (base 12) in base 15?
5
Convert 22 (base 11) to base 12.
20
Convert b (base 14) to base 7.
14
What is 13 (base 6) in base 4?
21
What is -a (base 13) in base 12?
-a
Convert -a (base 12) to base 16.
-a
What is -18 (base 9) in base 5?
-32
Convert 16 (base 13) to base 3.
201
What is 14 (base 7) in base 12?
b
Convert -3 (base 11) to base 16.
-3
Convert 111100 (base 2) to base 10.
60
Convert 1144 (base 5) to base 16.
ae
Convert 7 (base 8) to base 2.
111
Convert 447 (base 9) to base 11.
304
What is -d (base 15) in base 11?
-12
a5 (base 14) to base 13
b2
Convert 100001 (base 2) to base 9.
36
3a (base 16) to base 8
72
-4 (base 6) to base 5
-4
-11 (base 12) to base 7
-16
Convert 3a (base 16) to base 14.
42
1000110 (base 2) to base 3
2121
Convert -1 (base 7) to base 10.
-1
What is 20 (base 6) in base 2?
1100
10 (base 3) to base 5
3
What is -80 (base 14) in base 13?
-88
Convert 31 (base 15) to base 5.
141
Convert -176 (base 8) to base 13.
-99
22 (base 4) to base 3
101
Convert -20 (base 14) to base 16.
-1c
11 (base 4) to base 7
5
1 (base 10) to base 11
1
What is 1 (base 7) in base 2?
1
What is 6d (base 15) in base 3?
10211
What is -4 (base 14) in base 8?
-4
-151 (base 13) to base 4
-3223
Convert -22 (base 14) to base 5.
-110
0 (base 11) to base 13
0
Convert 3 (base 9) to base 8.
3
377 (base 8) to base 3
100110
Convert 1023 (base 4) to base 14.
55
What is 3 (base 10) in base 9?
3
What is 1a (base 15) in base 8?
31
What is 2b (base 16) in base 8?
53
1 (base 15) to base 2
1
-11100 (base 2) to base 16
-1c
What is 3 (base 14) in base 8?
3
What is -102 (base 3) in base 7?
-14
Convert 221 (base 10) to base 12.
165
Convert -f (base 16) to base 8.
-17
1 (base 7) to base 15
1
-2a (base 15) to base 3
-1111
Convert -310 (base 6) to base 3.
-11020
Convert -4 (base 6) to base 12.
-4
What is 0 (base 12) in base 5?
0
What is 2 (base 15) in base 14?
2
-20 (base 7) to base 12
-12
What is -5 (base 12) in base 3?
-12
Convert -23 (base 11) to base 5.
-100
What is 73 (base 8) in base 11?
54
1b (base 15) to base 9
28
7 (base 16) to base 11
7
Convert -61 (base 12) to base 9.
-81
What is -28 (base 10) in base 15?
-1d
What is 111 (base 5) in base 10?
31
0 (base 8) to base 12
0
a7 (base 14) to base 13
b4
Convert -3 (base 13) to base 2.
-11
Convert -a (base 15) to base 11.
-a
Convert -10 (base 6) to base 11.
-6
14 (base 13) to base 5
32
What is -9 (base 10) in base 14?
-9
Convert -6 (base 9) to base 14.
-6
What is 22c (base 14) in base 5?
3212
What is 182 (base 11) in base 2?
11010011
What is -1000 (base 3) in base 6?
-43
Convert 12 (base 4) to base 14.
6
What is 5 (base 13) in base 8?
5
-11 (base 5) to base 10
-6
0 (base 2) to base 11
0
What is -54 (base 9) in base 11?
-45
Convert 0 (base 14) to base 9.
0
What is 3 (base 15) in base 7?
3
Convert 3 (base 10) to base 6.
3
Convert -10 (base 3) to base 9.
-3
12 (base 7) to base 12
9
Convert -51 (base 15) to base 8.
-114
Convert -35 (base 13) to base 11.
-40
Convert -6 (base 8) to base 13.
-6
-6 (base 15) to base 4
-12
Convert -8a (base 14) to base 13.
-95
-48 (base 9) to base 16
-2c
Convert -15d (base 16) to base 7.
-1006
0 (base 16) to base 14
0
Convert -12 (base 10) to base 11.
-11
8 (base 12) to base 11
8
What is 0 (base 6) in base 10?
0
2 (base 13) to base 4
2
What is 0 (base 8) in base 14?
0
What is 33 (base 7) in base 16?
18
What is 5 (base 10) in base 6?
5
Convert 1 (base 8) to base 14.
1
-e4 (base 16) to base 4
-3210
What is 1 (base 15) in base 2?
1
Convert 205 (base 7) to base 16.
67
What is 10 (base 11) in base 7?
14
Convert -2 (base 4) to base 3.
-2
0 (base 4) to base 7
0
-19 (base 14) to base 13
-1a
Convert 15 (base 6) to base 3.
102
212 (base 3) to base 11
21
What is -41 (base 8) in base 12?
-29
-10 (base 4) to base 7
-4
-247 (base 8) to base 3
-20012
Convert 111 (base 3) to base 9.
14
12 (base 3) to base 6
5
What is -12 (base 16) in base 10?
-18
18 (base 11) to base 3
201
Convert 1 (base 7) to base 16.
1
88 (base 13) to base 16
70
Convert 3 (base 14) to base 4.
3
1 (base 12) to base 11
1
What is -11 (base 4) in base 3?
-12
What is 16 (base 7) in base 8?
15
What is 57 (base 16) in base 15?
5c
Convert -1011 (base 2) to base 14.
-b
-11 (base 3) to base 5
-4
What is 14 (base 12) in base 2?
10000
1101000 (base 2) to base 6
252
1010 (base 2) to base 8
12
Convert -423 (base 5) to base 12.
-95
What is 2002 (base 3) in base 9?
62
11010 (base 2) to base 7
35
2 (base 3) to base 16
2
Convert 26 (base 13) to base 3.
1012
Convert -b (base 15) to base 7.
-14
-1 (base 12) to base 11
-1
What is 56 (base 8) in base 10?
46
Convert 2 (base 7) to base 9.
2
Convert 27 (base 13) to base 14.
25
-1125 (base 6) to base 2
-100001101
What is 1212 (base 4) in base 10?
102
Convert 10 (base 4) to base 16.
4
Convert -11 (base 2) to base 6.
-3
-50 (base 9) to base 8
-55
Convert 10001 (base 2) to base 9.
18
Convert -1 (base 14) to base 9.
-1
What is 15 (base 11) in base 4?
100
What is 3 (base 5) in base 10?
3
What is -2000 (base 3) in base 8?
-66
What is -88 (base 14) in base 13?
-93
What is -1 (base 14) in base 8?
-1
3b (base 12) to base 6
115
What is -71 (base 8) in base 4?
-321
-30 (base 5) to base 11
-14
-162 (base 7) to base 2
-1011101
What is -4 (base 6) in base 2?
-100
Convert 2 (base 3) to base 6.
2
Convert -155 (base 10) to base 9.
-182
Convert -4 (base 7) to base 3.
-11
Convert 1 (base 3) to base 12.
1
What is 19 (base 10) in base 4?
103
30 (base 14) to base 10
42
What is -10202 (base 4) in base 9?
-352
Convert 2a (base 14) to base 8.
46
-11 (base 4) to base 9
-5
11a (base 14) to base 13
13c
-17 (base 12) to base 6
-31
What is -3 (base 7) in base 9?
-3
What is 11 (base 4) in base 5?
10
2 (base 12) to base 9
2
5 (base 6) to base 5
10
What is -2211 (base 3) in base 7?
-136
-213 (base 7) to base 4
-1230
112 (base 3) to base 14
10
Convert